 80023879?
7
What is the hundred millions digit of 3081779450?
0
What is the tens digit of 212621591?
9
What is the ten millions digit of 1303736564?
0
What is the hundred thousands digit of 1827953741?
9
What is the millions digit of 178387033?
8
What is the units digit of 209043161?
1
What is the thousands digit of 127145792?
5
What is the millions digit of 4466844227?
6
What is the thousands digit of 11187146?
7
What is the hundred thousands digit of 291076634?
0
What is the hundreds digit of 135825858?
8
What is the hundreds digit of 384033?
0
What is the ten millions digit of 1184202393?
8
What is the hundred thousands digit of 280936500?
9
What is the thousands digit of 257371672?
1
What is the ten thousands digit of 10520918?
2
What is the hundreds digit of 95230489?
4
What is the thousands digit of 120254839?
4
What is the hundred thousands digit of 127265765?
2
What is the units digit of 127378397?
7
What is the hundreds digit of 2337845974?
9
What is the units digit of 2225463081?
1
What is the millions digit of 322687933?
2
What is the hundreds digit of 1593941?
9
What is the hundred thousands digit of 11225166?
2
What is the ten thousands digit of 388854454?
5
What is the hundreds digit of 289644915?
9
What is the millions digit of 173008583?
3
What is the millions digit of 105523253?
5
What is the millions digit of 17526492?
7
What is the hundred thousands digit of 11300317?
3
What is the ten millions digit of 333311482?
3
What is the thousands digit of 400353549?
3
What is the ten millions digit of 153943252?
5
What is the hundreds digit of 91705806?
8
What is the units digit of 207617203?
3
What is the ten thousands digit of 13989742?
8
What is the ten thousands digit of 122155771?
5
What is the ten thousands digit of 794569902?
6
What is the hundreds digit of 305780154?
1
What is the tens digit of 151766517?
1
What is the millions digit of 645888492?
5
What is the units digit of 553797619?
9
What is the ten millions digit of 431825782?
3
What is the millions digit of 308280577?
8
What is the thousands digit of 841138867?
8
What is the hundred thousands digit of 557984230?
9
What is the hundred thousands digit of 137438080?
4
What is the hundreds digit of 948142153?
1
What is the ten thousands digit of 329465286?
6
What is the units digit of 2826391212?
2
What is the hundred millions digit of 747525686?
7
What is the ten millions digit of 317580771?
1
What is the tens digit of 396635278?
7
What is the hundred thousands digit of 111372891?
3
What is the thousands digit of 995708469?
8
What is the millions digit of 1562586737?
2
What is the hundreds digit of 232149061?
0
What is the units digit of 6413775698?
8
What is the hundreds digit of 109472076?
0
What is the units digit of 21656583?
3
What is the ten thousands digit of 714031721?
3
What is the units digit of 1580518908?
8
What is the hundred millions digit of 176889212?
1
What is the ten millions digit of 247655335?
4
What is the ten millions digit of 593631479?
9
What is the units digit of 13943973?
3
What is the hundred millions digit of 281786853?
2
What is the ten thousands digit of 491624868?
2
What is the billions digit of 1024672553?
1
What is the ten millions digit of 720688041?
2
What is the ten millions digit of 1224211421?
2
What is the units digit of 1226796?
6
What is the hundred thousands digit of 56555334?
5
What is the hundred thousands digit of 467638041?
6
What is the millions digit of 91375610?
1
What is the units digit of 137296546?
6
What is the units digit of 186073162?
2
What is the millions digit of 1204038761?
4
What is the hundred thousands digit of 2852853074?
8
What is the units digit of 4512265128?
8
What is the hundred thousands digit of 6569495?
5
What is the billions digit of 1487155202?
1
What is the units digit of 36937416?
6
What is the thousands digit of 52693890?
3
What is the hundred millions digit of 260455294?
2
What is the millions digit of 30991863?
0
What is the billions digit of 1586813093?
1
What is the tens digit of 14129733?
3
What is the thousands digit of 275309107?
9
What is the tens digit of 455199433?
3
What is the units digit of 20670128?
8
What is the hundreds digit of 1664682356?
3
What is the ten thousands digit of 18586292?
8
What is the units digit of 36403626?
6
What is the thousands digit of 617357040?
7
What is the hundred thousands digit of 288162546?
1
What is the units digit of 10047701?
1
What is the hundred thousands digit of 31384837?
3
What is the millions digit of 696477004?
6
What is the ten thousands digit of 26905774?
0
What is the hundreds digit of 527060707?
7
What is the ten millions digit of 195253647?
9
What is the ten thousands digit of 1798608?
9
What is the units digit of 108178884?
4
What is the ten millions digit of 1066091294?
6
What is the thousands digit of 20045810?
5
What is the hundreds digit of 229777166?
1
What is the tens digit of 4783023147?
4
What is the ten millions digit of 153619476?
5
What is the hundred thousands digit of 323067938?
0
What is the units digit of 82021262?
2
What is the ten thousands digit of 1030004171?
0
What is the hundreds digit of 370456566?
5
What is the units digit of 1313344179?
9
What is the hundred millions digit of 361965475?
3
What is the billions digit of 4720758599?
4
What is the thousands digit of 274728064?
8
What is the hundred millions digit of 607983927?
6
What is the ten thousands digit of 1175964970?
6
What is the units digit of 247572868?
8
What is the tens digit of 1001360745?
4
What is the tens digit of 312928410?
1
What is the tens digit of 653082165?
6
What is the tens digit of 194368952?
5
What is the thousands digit of 77972630?
2
What is the ten millions digit of 980749029?
8
What is the millions digit of 2623262985?
3
What is the tens digit of 2102894574?
7
What is the ten millions digit of 24728775?
2
What is the ten millions digit of 1121650987?
2
What is the hundreds digit of 71670073?
0
What is the ten thousands digit of 777542381?
4
What is the ten millions digit of 58776903?
5
What is the hundreds digit of 2222611866?
8
What is the hundred millions digit of 3229412157?
2
What is the ten millions digit of 1611138433?
1
What is the ten thousands digit of 16240688?
4
What is the tens digit of 46351917?
1
What is the ten millions digit of 130688726?
3
What is the tens digit of 419679909?
0
What is the ten millions digit of 60589285?
6
What is the millions digit of 67170297?
7
What is the billions digit of 2186965689?
2
What is the units digit of 764196554?
4
What is the units digit of 126933319?
9
What is the tens digit of 24234243?
4
What is the ten thousands digit of 667536199?
3
What is the hundred thousands digit of 5528954149?
9
What is the millions digit of 3635899156?
5
What is the ten thousands digit of 13164421?
6
What is the tens digit of 53286005?
0
What is the hundred thousands digit of 322837598?
8
What is the hundred thousands digit of 48473717?
4
What is the thousands digit of 74643383?
3
What is the millions digit of 656324775?
6
What is the thousands digit of 3349628582?
8
What is the hundred thousands digit of 2882419703?
4
What is the millions digit of 165776363?
5
What is the millions digit of 190672753?
0
What is the ten thousands digit of 1210155446?
5
What is the thousands digit of 1712187593?
7
What is the hundred millions digit of 4409373044?
4
What is the ten millions digit of 6002430611?
0
What is the tens digit of 3580425414?
1
What is the units digit of 1440787?
7
What is the millions digit of 30903669?
0
What is the hundred thousands digit of 113317673?
3
What is the hundred thousands digit of 535837405?
8
What is the thousands digit of 4034138?
4
What is the units digit of 1489536885?
5
What is the billions digit of 2488008842?
2
What is the ten thousands digit of 3127992790?
9
What is the hundred thousands digit of 46483412?
4
What is the tens digit of 448630039?
3
What is the units digit of 53474876?
6
What is the ten thousands digit of 780882481?
8
What is the ten thousands digit of 335159792?
5
What is the ten thousands digit of 72161415?
6
What is the thousands digit of 805646799?
6
What is the thousands digit of 1612853901?
3
What is the ten thousands digit of 294231002?
3
What is the ten m